{"id":2637,"date":"2021-02-11T17:29:35","date_gmt":"2021-02-11T16:29:35","guid":{"rendered":"https:\/\/lama-bs.sk\/zaluzie-na-mieru-27-mm-classic\/"},"modified":"2025-08-14T15:46:50","modified_gmt":"2025-08-14T13:46:50","slug":"jalousien-27-mm-classic","status":"publish","type":"page","link":"https:\/\/lama-bs.sk\/de\/jalousien-27-mm-classic\/","title":{"rendered":"Jalousien 27 mm Classic"},"content":{"rendered":"<p>Bambus-Jalousien f\u00fcr die Montage am Fl\u00fcgelrahmen (Fenster mit Sprossen)<\/p>\n","protected":false},"excerpt":{"rendered":"<p>Bambus-Jalousien f\u00fcr die Montage am Fl\u00fcgelrahmen (Fenster mit Sprossen)<\/p>\n","protected":false},"author":1,"featured_media":0,"parent":0,"menu_order":0,"comment_status":"closed","ping_status":"closed","template":"template-product.php","meta":{"footnotes":""},"class_list":["post-2637","page","type-page","status-publish","hentry"],"yoast_head":"<!-- This site is optimized with the Yoast SEO plugin v26.4 - https:\/\/yoast.com\/wordpress\/plugins\/seo\/ -->\n<title>Jalousien 27 mm Classic<\/title>\n<meta name=\"description\" content=\"Interi\u00e9rov\u00e9 bambusov\u00e9 \u017eal\u00fazie ur\u010den\u00e9 pre mont\u00e1\u017e na r\u00e1m okenn\u00e9ho kr\u00eddla (okn\u00e1 s deliacou prie\u010dkou). Ovl\u00e1danie \u017eal\u00fazii bu\u010f pali\u010dkou alebo retiazkou\" \/>\n<meta name=\"robots\" content=\"index, follow, max-snippet:-1, max-image-preview:large, max-video-preview:-1\" \/>\n<link rel=\"canonical\" href=\"https:\/\/lama-bs.sk\/de\/jalousien-27-mm-classic\/\" \/>\n<meta property=\"og:locale\" content=\"de_DE\" \/>\n<meta property=\"og:type\" content=\"article\" \/>\n<meta property=\"og:title\" content=\"Jalousien 27 mm Classic\" \/>\n<meta property=\"og:description\" content=\"Interi\u00e9rov\u00e9 bambusov\u00e9 \u017eal\u00fazie ur\u010den\u00e9 pre mont\u00e1\u017e na r\u00e1m okenn\u00e9ho kr\u00eddla (okn\u00e1 s deliacou prie\u010dkou). Ovl\u00e1danie \u017eal\u00fazii bu\u010f pali\u010dkou alebo retiazkou\" \/>\n<meta property=\"og:url\" content=\"https:\/\/lama-bs.sk\/de\/jalousien-27-mm-classic\/\" \/>\n<meta property=\"og:site_name\" content=\"LAMA Bamboo systems s.r.o.\" \/>\n<meta property=\"article:modified_time\" content=\"2025-08-14T13:46:50+00:00\" \/>\n<meta name=\"twitter:card\" content=\"summary_large_image\" \/>\n<meta name=\"twitter:label1\" content=\"Gesch\u00e4tzte Lesezeit\" \/>\n\t<meta name=\"twitter:data1\" content=\"1\u00a0Minute\" \/>\n<script type=\"application\/ld+json\" class=\"yoast-schema-graph\">{\"@context\":\"https:\/\/schema.org\",\"@graph\":[{\"@type\":\"WebPage\",\"@id\":\"https:\/\/lama-bs.sk\/de\/jalousien-27-mm-classic\/\",\"url\":\"https:\/\/lama-bs.sk\/de\/jalousien-27-mm-classic\/\",\"name\":\"Jalousien 27 mm Classic\",\"isPartOf\":{\"@id\":\"https:\/\/lama-bs.sk\/#website\"},\"datePublished\":\"2021-02-11T16:29:35+00:00\",\"dateModified\":\"2025-08-14T13:46:50+00:00\",\"description\":\"Interi\u00e9rov\u00e9 bambusov\u00e9 \u017eal\u00fazie ur\u010den\u00e9 pre mont\u00e1\u017e na r\u00e1m okenn\u00e9ho kr\u00eddla (okn\u00e1 s deliacou prie\u010dkou). Ovl\u00e1danie \u017eal\u00fazii bu\u010f pali\u010dkou alebo retiazkou\",\"inLanguage\":\"de\",\"potentialAction\":[{\"@type\":\"ReadAction\",\"target\":[\"https:\/\/lama-bs.sk\/de\/jalousien-27-mm-classic\/\"]}]},{\"@type\":\"WebSite\",\"@id\":\"https:\/\/lama-bs.sk\/#website\",\"url\":\"https:\/\/lama-bs.sk\/\",\"name\":\"LAMA Bamboo systems s.r.o.\",\"description\":\"\",\"potentialAction\":[{\"@type\":\"SearchAction\",\"target\":{\"@type\":\"EntryPoint\",\"urlTemplate\":\"https:\/\/lama-bs.sk\/?s={search_term_string}\"},\"query-input\":{\"@type\":\"PropertyValueSpecification\",\"valueRequired\":true,\"valueName\":\"search_term_string\"}}],\"inLanguage\":\"de\"}]}<\/script>\n<!-- \/ Yoast SEO plugin. -->","yoast_head_json":{"title":"Jalousien 27 mm Classic","description":"Interi\u00e9rov\u00e9 bambusov\u00e9 \u017eal\u00fazie ur\u010den\u00e9 pre mont\u00e1\u017e na r\u00e1m okenn\u00e9ho kr\u00eddla (okn\u00e1 s deliacou prie\u010dkou). Ovl\u00e1danie \u017eal\u00fazii bu\u010f pali\u010dkou alebo retiazkou","robots":{"index":"index","follow":"follow","max-snippet":"max-snippet:-1","max-image-preview":"max-image-preview:large","max-video-preview":"max-video-preview:-1"},"canonical":"https:\/\/lama-bs.sk\/de\/jalousien-27-mm-classic\/","og_locale":"de_DE","og_type":"article","og_title":"Jalousien 27 mm Classic","og_description":"Interi\u00e9rov\u00e9 bambusov\u00e9 \u017eal\u00fazie ur\u010den\u00e9 pre mont\u00e1\u017e na r\u00e1m okenn\u00e9ho kr\u00eddla (okn\u00e1 s deliacou prie\u010dkou). Ovl\u00e1danie \u017eal\u00fazii bu\u010f pali\u010dkou alebo retiazkou","og_url":"https:\/\/lama-bs.sk\/de\/jalousien-27-mm-classic\/","og_site_name":"LAMA Bamboo systems s.r.o.","article_modified_time":"2025-08-14T13:46:50+00:00","twitter_card":"summary_large_image","twitter_misc":{"Gesch\u00e4tzte Lesezeit":"1\u00a0Minute"},"schema":{"@context":"https:\/\/schema.org","@graph":[{"@type":"WebPage","@id":"https:\/\/lama-bs.sk\/de\/jalousien-27-mm-classic\/","url":"https:\/\/lama-bs.sk\/de\/jalousien-27-mm-classic\/","name":"Jalousien 27 mm Classic","isPartOf":{"@id":"https:\/\/lama-bs.sk\/#website"},"datePublished":"2021-02-11T16:29:35+00:00","dateModified":"2025-08-14T13:46:50+00:00","description":"Interi\u00e9rov\u00e9 bambusov\u00e9 \u017eal\u00fazie ur\u010den\u00e9 pre mont\u00e1\u017e na r\u00e1m okenn\u00e9ho kr\u00eddla (okn\u00e1 s deliacou prie\u010dkou). Ovl\u00e1danie \u017eal\u00fazii bu\u010f pali\u010dkou alebo retiazkou","inLanguage":"de","potentialAction":[{"@type":"ReadAction","target":["https:\/\/lama-bs.sk\/de\/jalousien-27-mm-classic\/"]}]},{"@type":"WebSite","@id":"https:\/\/lama-bs.sk\/#website","url":"https:\/\/lama-bs.sk\/","name":"LAMA Bamboo systems s.r.o.","description":"","potentialAction":[{"@type":"SearchAction","target":{"@type":"EntryPoint","urlTemplate":"https:\/\/lama-bs.sk\/?s={search_term_string}"},"query-input":{"@type":"PropertyValueSpecification","valueRequired":true,"valueName":"search_term_string"}}],"inLanguage":"de"}]}},"_links":{"self":[{"href":"https:\/\/lama-bs.sk\/de\/wp-json\/wp\/v2\/pages\/2637","targetHints":{"allow":["GET"]}}],"collection":[{"href":"https:\/\/lama-bs.sk\/de\/wp-json\/wp\/v2\/pages"}],"about":[{"href":"https:\/\/lama-bs.sk\/de\/wp-json\/wp\/v2\/types\/page"}],"author":[{"embeddable":true,"href":"https:\/\/lama-bs.sk\/de\/wp-json\/wp\/v2\/users\/1"}],"replies":[{"embeddable":true,"href":"https:\/\/lama-bs.sk\/de\/wp-json\/wp\/v2\/comments?post=2637"}],"version-history":[{"count":5,"href":"https:\/\/lama-bs.sk\/de\/wp-json\/wp\/v2\/pages\/2637\/revisions"}],"predecessor-version":[{"id":4889,"href":"https:\/\/lama-bs.sk\/de\/wp-json\/wp\/v2\/pages\/2637\/revisions\/4889"}],"wp:attachment":[{"href":"https:\/\/lama-bs.sk\/de\/wp-json\/wp\/v2\/media?parent=2637"}],"curies":[{"name":"wp","href":"https:\/\/api.w.org\/{rel}","templated":true}]}}

<p>Bambus-Jalousien für die Montage am Flügelrahmen (Fenster mit Sprossen)</p>

<!-- This site is optimized with the Yoast SEO plugin v26.4 - https://yoast.com/wordpress/plugins/seo/ -->
<title>Jalousien 27 mm Classic</title>
<meta name="description" content="Interiérové bambusové žalúzie určené pre montáž na rám okenného krídla (okná s deliacou priečkou). Ovládanie žalúzii buď paličkou alebo retiazkou" />
<meta name="robots" content="index, follow, max-snippet:-1, max-image-preview:large, max-video-preview:-1" />
<link rel="canonical" href="https://lama-bs.sk/de/jalousien-27-mm-classic/" />
<meta property="og:locale" content="de_DE" />
<meta property="og:type" content="article" />
<meta property="og:title" content="Jalousien 27 mm Classic" />
<meta property="og:description" content="Interiérové bambusové žalúzie určené pre montáž na rám okenného krídla (okná s deliacou priečkou). Ovládanie žalúzii buď paličkou alebo retiazkou" />
<meta property="og:url" content="https://lama-bs.sk/de/jalousien-27-mm-classic/" />
<meta property="og:site_name" content="LAMA Bamboo systems s.r.o." />
<meta property="article:modified_time" content="2025-08-14T13:46:50+00:00" />
<meta name="twitter:card" content="summary_large_image" />
<meta name="twitter:label1" content="Geschätzte Lesezeit" />
	<meta name="twitter:data1" content="1 Minute" />
<script type="application/ld+json" class="yoast-schema-graph">{"@context":"https://schema.org","@graph":[{"@type":"WebPage","@id":"https://lama-bs.sk/de/jalousien-27-mm-classic/","url":"https://lama-bs.sk/de/jalousien-27-mm-classic/","name":"Jalousien 27 mm Classic","isPartOf":{"@id":"https://lama-bs.sk/#website"},"datePublished":"2021-02-11T16:29:35+00:00","dateModified":"2025-08-14T13:46:50+00:00","description":"Interiérové bambusové žalúzie určené pre montáž na rám okenného krídla (okná s deliacou priečkou). Ovládanie žalúzii buď paličkou alebo retiazkou","inLanguage":"de","potentialAction":[{"@type":"ReadAction","target":["https://lama-bs.sk/de/jalousien-27-mm-classic/"]}]},{"@type":"WebSite","@id":"https://lama-bs.sk/#website","url":"https://lama-bs.sk/","name":"LAMA Bamboo systems s.r.o.","description":"","potentialAction":[{"@type":"SearchAction","target":{"@type":"EntryPoint","urlTemplate":"https://lama-bs.sk/?s={search_term_string}"},"query-input":{"@type":"PropertyValueSpecification","valueRequired":true,"valueName":"search_term_string"}}],"inLanguage":"de"}]}</script>
<!-- / Yoast SEO plugin. -->

Interiérové bambusové žalúzie určené pre montáž na rám okenného krídla (okná s deliacou priečkou). Ovládanie žalúzii buď paličkou alebo retiazkou
